{"id":3,"date":"2024-02-20T14:50:27","date_gmt":"2024-02-20T13:50:27","guid":{"rendered":"http:\/\/hadolenfete.org\/?page_id=3"},"modified":"2024-03-16T09:47:48","modified_gmt":"2024-03-16T08:47:48","slug":"politique-de-confidentialite","status":"publish","type":"page","link":"https:\/\/hadolenfete.org\/index.php\/politique-de-confidentialite\/","title":{"rendered":"Politique de confidentialit\u00e9"},"content":{"rendered":"\t\t<div data-elementor-type=\"wp-page\" data-elementor-id=\"3\" class=\"elementor elementor-3\">\n\t\t\t\t<div class=\"elementor-element elementor-element-57ceac91 e-flex e-con-boxed e-con e-parent\" data-id=\"57ceac91\" data-element_type=\"container\">\n\t\t\t\t\t<div class=\"e-con-inner\">\n\t\t\t\t<div class=\"elementor-element elementor-element-77190c6f elementor-widget elementor-widget-text-editor\" data-id=\"77190c6f\" data-element_type=\"widget\" data-widget_type=\"text-editor.default\">\n\t\t\t\t<div class=\"elementor-widget-container\">\n\t\t\t\t\t\t\t<section><p><span style=\"font-family: verdana, geneva, sans-serif; font-size: 12pt;\"><strong>Editeur du site internet : Comit\u00e9 des F\u00eates de Hadol<br \/><\/strong><\/span><\/p><p><span style=\"font-family: verdana, geneva, sans-serif; font-size: 12pt;\">SIRET 911 803 690 &#8211; RNA W221009340<\/span><br \/><span style=\"font-family: verdana, geneva, sans-serif; font-size: 12pt;\">Adresse : 43 Place de la Maire \u2013 T\u00e9l\u00e9phone : 06 27 23 51 91 \u00a0<\/span><br \/><span style=\"font-family: verdana, geneva, sans-serif; font-size: 12pt;\">Web : <a href=\"http:\/\/www;hadolenfete.org\">hadolenfete.org<\/a><\/span><\/p><p><span style=\"font-family: verdana, geneva, sans-serif; font-size: 12pt;\"><strong>Design et mises \u00e0 jour du site internet : Le secr\u00e9taire du Comit\u00e9 des F\u00eates de Hadol.<br \/><\/strong><\/span><span style=\"font-family: verdana, geneva, sans-serif; font-size: 12pt;\">Adresse : 43 Place de la Mairie \u2013 88220 Hadol<\/span><\/p><\/section><section><div><p><span style=\"font-family: verdana, geneva, sans-serif; font-size: 12pt;\"><strong>Responsable de la publication : Le secr\u00e9taire du Comit\u00e9 des F\u00eates de Hadol.<\/strong><\/span><\/p><\/div><\/section><section><div><p><span style=\"font-family: verdana, geneva, sans-serif; font-size: 12pt;\"><strong>H\u00e9bergement du site internet : OVH<br \/><\/strong><\/span><span style=\"font-family: verdana, geneva, sans-serif; font-size: 12pt;\">2 rue Kellermann \u2013 59100 Roubaix \u2013 France<br \/><\/span><span style=\"font-family: verdana, geneva, sans-serif; font-size: 12pt;\">Web :\u00a0<\/span><a style=\"font-family: verdana, geneva, sans-serif; font-size: 12pt;\" href=\"https:\/\/www.ovh.com\/\">ovh.com<\/a><\/p><\/div><\/section><section><div><p><span style=\"font-family: verdana, geneva, sans-serif; font-size: 12pt;\"><strong>\u00a9 Cr\u00e9dits : Comit\u00e9 des F\u00eates de Hadol<\/strong><\/span><\/p><\/div><\/section><div><span style=\"font-family: verdana, geneva, sans-serif; font-size: 12pt;\"><strong>Politique de confidentialit\u00e9<\/strong><\/span><\/div><div><span style=\"font-family: verdana, geneva, sans-serif; font-size: 12pt;\">Le Comit\u00e9 des F\u00eates de Hadol recueille sur ce site des donn\u00e9es personnelles d\u2019internautes l\u2019ayant contact\u00e9, via notamment le formulaire. Dans le cadre de la fourniture de ses services, le Comit\u00e9 des F\u00eates de Hadol ne traite que les donn\u00e9es personnelles suivantes : nom et adresse email. La finalit\u00e9 de traitement de ces donn\u00e9es personnelles est de permettre au Comit\u00e9 des F\u00eates de Hadol de r\u00e9pondre aux demandes des internautes.<\/span><\/div><section><div><p><span style=\"font-family: verdana, geneva, sans-serif; font-size: 12pt;\">Les donn\u00e9es personnelles collect\u00e9es sur ce site ne sont trait\u00e9es que par les membres du Comit\u00e9 des F\u00eates de Hadol. Elles ne seront vendues, \u00e9chang\u00e9es ou c\u00e9d\u00e9es \u00e0 aucune autre entreprise ou entit\u00e9 ext\u00e9rieure. Le Comit\u00e9 des F\u00eates de Hadol garantit la confidentialit\u00e9 des donn\u00e9es personnelles trait\u00e9es.<\/span><br \/><span style=\"font-family: verdana, geneva, sans-serif; font-size: 12pt;\">Les donn\u00e9es personnelles sont stock\u00e9es en grande majorit\u00e9 sur des serveurs d\u2019h\u00e9bergement situ\u00e9s dans l\u2019Union Europ\u00e9enne.<\/span><br \/><span style=\"font-family: verdana, geneva, sans-serif; font-size: 12pt;\">Le Comit\u00e9 des F\u00eates de Hadol s\u2019engage \u00e0 conserver ces donn\u00e9es personnelles, sauf obligation l\u00e9gale ou r\u00e9glementaire contraire, pour une dur\u00e9e maximale de trois ans \u00e0 compter du dernier contact avec l\u2019internaute.<\/span><br \/><span style=\"font-family: verdana, geneva, sans-serif; font-size: 12pt;\">A l\u2019issue de cette dur\u00e9e ou en cas d\u2019exercice de leurs droits par les internautes, le Comit\u00e9 des F\u00eates de Hadol s\u2019engage \u00e0 d\u00e9truire les donn\u00e9es personnelles des internautes qu\u2019elle d\u00e9tiendrait.<\/span><br \/><span style=\"font-family: verdana, geneva, sans-serif; font-size: 12pt;\">Le Comit\u00e9 des F\u00eates de Hadol s\u2019engage, au titre de son obligation de moyens, \u00e0 prendre toutes les pr\u00e9cautions utiles et \u00e0 mettre en \u0153uvre les mesures techniques et organisationnelles appropri\u00e9es pour garantir un niveau de s\u00e9curit\u00e9 adapt\u00e9 pour prot\u00e9ger les donn\u00e9es personnelles des internautes.<\/span><\/p><\/div><\/section><div><span style=\"font-family: verdana, geneva, sans-serif; font-size: 12pt;\"><strong>Suppression ou modification des donn\u00e9es personnelles<br \/><\/strong><\/span><span style=\"font-family: verdana, geneva, sans-serif; font-size: 12pt;\">Les internautes ont la possibilit\u00e9 d\u2019exercer leurs droits d\u2019acc\u00e8s, de rectification, d\u2019effacement, d\u2019opposition, de limitation du traitement, de portabilit\u00e9 de leurs donn\u00e9es personnelles, droit de ne pas faire l\u2019objet d\u2019une d\u00e9cision individuelle automatis\u00e9e et droit de r\u00e9vocation de leur consentement, concernant les donn\u00e9es personnelles qu\u2019ils fournissent.<\/span><\/div><section><p><span style=\"font-family: verdana, geneva, sans-serif; font-size: 12pt;\">Pour exercer l\u2019un de ces droits, il convient d\u2019adresser une demande par email \u00e0 secretaire@hadolenfete.org<\/span><\/p><p><span style=\"font-family: verdana, geneva, sans-serif; font-size: 12pt;\"><strong>Cookies (traceurs)<br \/><\/strong><\/span><span style=\"font-family: verdana, geneva, sans-serif; font-size: 12pt;\">La navigation sur ce site internet est susceptible d\u2019entrainer l\u2019installation de cookies sur l\u2019ordinateur de l\u2019utilisateur.<br \/><\/span><span style=\"font-family: verdana, geneva, sans-serif; font-size: 12pt;\">Les donn\u00e9es obtenues par le biais de ces cookies visent notamment \u00e0 faciliter la navigation sur ce site.<br \/><\/span><span style=\"font-family: verdana, geneva, sans-serif; font-size: 12pt;\">L\u2019utilisateur du site a la possibilit\u00e9 de d\u00e9sactiver les cookies en se rendant dans les options de son navigateur web.<\/span><\/p><\/section><section><div><p><span style=\"font-family: verdana, geneva, sans-serif; font-size: 12pt;\"><strong>Responsabilit\u00e9<\/strong><\/span><br \/><span style=\"font-family: verdana, geneva, sans-serif; font-size: 12pt;\">Le Comit\u00e9 des F\u00eates de Hadol d\u00e9cline toute responsabilit\u00e9 quant aux \u00e9ventuels dysfonctionnements pouvant survenir sur ce site et entra\u00eener une perte de donn\u00e9es ou une indisponibilit\u00e9 de l\u2019acc\u00e8s aux informations produites sur celui-ci. L\u2019internaute est seul responsable de l\u2019utilisation qu\u2019il fait du contenu de ce site.<\/span><\/p><\/div><\/section>\t\t\t\t\t\t<\/div>\n\t\t\t\t<\/div>\n\t\t\t\t\t<\/div>\n\t\t\t\t<\/div>\n\t\t\t\t<\/div>\n\t\t","protected":false},"excerpt":{"rendered":"<p>Editeur du site internet : Comit\u00e9 des F\u00eates de Hadol SIRET 911 803 690 &#8211; RNA W221009340Adresse : 43 Place de la Maire \u2013 T\u00e9l\u00e9phone : 06 27 23 51&hellip;&nbsp;<a href=\"https:\/\/hadolenfete.org\/index.php\/politique-de-confidentialite\/\" class=\"\" rel=\"bookmark\">Lire la suite &raquo;<span class=\"screen-reader-text\">Politique de confidentialit\u00e9<\/span><\/a><\/p>\n","protected":false},"author":1,"featured_media":0,"parent":0,"menu_order":0,"comment_status":"closed","ping_status":"open","template":"","meta":{"om_disable_all_campaigns":false,"_monsterinsights_skip_tracking":false,"_monsterinsights_sitenote_active":false,"_monsterinsights_sitenote_note":"","_monsterinsights_sitenote_category":0,"_uf_show_specific_survey":0,"_uf_disable_surveys":false,"neve_meta_sidebar":"","neve_meta_container":"","neve_meta_enable_content_width":"","neve_meta_content_width":0,"neve_meta_title_alignment":"","neve_meta_author_avatar":"","neve_post_elements_order":"","neve_meta_disable_header":"","neve_meta_disable_footer":"","neve_meta_disable_title":"","footnotes":""},"class_list":["post-3","page","type-page","status-publish","hentry"],"aioseo_notices":[],"_links":{"self":[{"href":"https:\/\/hadolenfete.org\/index.php\/wp-json\/wp\/v2\/pages\/3","targetHints":{"allow":["GET"]}}],"collection":[{"href":"https:\/\/hadolenfete.org\/index.php\/wp-json\/wp\/v2\/pages"}],"about":[{"href":"https:\/\/hadolenfete.org\/index.php\/wp-json\/wp\/v2\/types\/page"}],"author":[{"embeddable":true,"href":"https:\/\/hadolenfete.org\/index.php\/wp-json\/wp\/v2\/users\/1"}],"replies":[{"embeddable":true,"href":"https:\/\/hadolenfete.org\/index.php\/wp-json\/wp\/v2\/comments?post=3"}],"version-history":[{"count":15,"href":"https:\/\/hadolenfete.org\/index.php\/wp-json\/wp\/v2\/pages\/3\/revisions"}],"predecessor-version":[{"id":392,"href":"https:\/\/hadolenfete.org\/index.php\/wp-json\/wp\/v2\/pages\/3\/revisions\/392"}],"wp:attachment":[{"href":"https:\/\/hadolenfete.org\/index.php\/wp-json\/wp\/v2\/media?parent=3"}],"curies":[{"name":"wp","href":"https:\/\/api.w.org\/{rel}","templated":true}]}}